{"id":1123,"date":"2024-11-30T12:44:01","date_gmt":"2024-11-30T12:44:01","guid":{"rendered":"https:\/\/kayigo.com.tr\/index.php\/product\/kayigo-cactus-xl-station-organizer-mavi\/"},"modified":"2026-04-03T14:18:05","modified_gmt":"2024-12-02T14:39:26","slug":"kayigo-cactus-xl-station-organizer-mavi","status":"publish","type":"product","link":"https:\/\/kayigo.com.tr\/index.php\/product\/kayigo-cactus-xl-station-organizer-mavi\/","title":{"rendered":"Kayigo Cactus XL + Station Organizer Mavi"},"content":{"rendered":"<p>&nbsp;<\/p>\n<p>n<br \/>\nn<\/p>\n<p>Masan\u0131z\u0131n &uuml;st&uuml;nde biriken e\u015fyalar\u0131 s&uuml;rekli aramaktan kurtaracak &ouml;zel tasar\u0131m ah\u015fap organizerler sizi da\u011f\u0131n\u0131kl\u0131k ve karma\u015fadan uzakla\u015ft\u0131rarak her \u015feyi rahat&ccedil;a bulman\u0131z\u0131 sa\u011flayacak.<\/p>\n<p>n<br \/>\nn<\/p>\n<p>&nbsp;<\/p>\n<p>n<br \/>\nn<\/p>\n<p>Lavanta Dolgulu kakt&uuml;s notlar\u0131n\u0131z\u0131 sa\u011fl\u0131kl\u0131 ve e\u011flenceli \u015fekilde hat\u0131rlatacak, tak\u0131lar\u0131n\u0131z\u0131 ve aksesuarlar\u0131n\u0131z\u0131 rahat&ccedil;a bulman\u0131z\u0131 sa\u011flayacak. Antiviral ve sakinle\u015ftirici lavanta kokusunu yo\u011funla\u015ft\u0131rmak i&ccedil;in, kakt&uuml;s&uuml;n&uuml;z&uuml; s\u0131karak lavantalar\u0131 ezin.<\/p>\n<p>n<br \/>\nn<\/p>\n<p>Taze kurutulmu\u015f lavanta dolgulu pamuk kakt&uuml;s<\/p>\n<p>n<br \/>\nn<\/p>\n<p>ve masif ah\u015fap. Notlar\u0131n\u0131z\u0131 as\u0131n, tak\u0131lar\u0131n\u0131z\u0131 ve<\/p>\n<p>n<br \/>\nn<\/p>\n<p>aksesuarlar\u0131n\u0131z\u0131 tak\u0131n! Antiviral ve sakinle\u015ftirici<\/p>\n<p>n<br \/>\nn<\/p>\n<p>lavanta kokusunu yo\u011funla\u015ft\u0131rmak i&ccedil;in,<\/p>\n<p>n<br \/>\nn<\/p>\n<p>kakt&uuml;s&uuml;n&uuml;z&uuml; s\u0131karak lavantalar\u0131 ezin.<\/p>\n<p>n<br \/>\nn<\/p>\n<p>En: 9,5 Cm<\/p>\n<p>n<br \/>\nn<\/p>\n<p>Boy: 20 Cm<\/p>\n<p>n<br \/>\nn<\/p>\n<p>Y&uuml;kseklik: 28 Cm<\/p>\n<p>n<br \/>\nn<\/p>\n<p>Dolgu : Yeni Sezon&nbsp;Hasat\u0131 Lavanta<\/p>\n<p>n<br \/>\nn<\/p>\n<p>Kuma\u015f: %100 Pamuk<\/p>\n<p>n<br \/>\nn<\/p>\n<p>Taban: Masif Ah\u015fap<\/p>\n<p>n<\/p>\n","protected":false},"excerpt":{"rendered":"<p>Kayigo Cactus XL + Station Lavanta Dolgulu Organizer Mavi<br \/>\nn<br \/>\nnMasan\u0131z\u0131n \u00fcst\u00fcnde biriken e\u015fyalar\u0131 s\u00fcrekli aramaktan kurtaracak \u00f6zel tasar\u0131m ah\u015fap organizerler sizi da\u011f\u0131n\u0131kl\u0131k ve karma\u015fadan uzakla\u015ft\u0131rarak her \u015feyi rahat\u00e7a bulman\u0131z\u0131 sa\u011flayacak.<br \/>\nn<br \/>\nnLavanta Dolgulu kakt\u00fcs notlar\u0131n\u0131z\u0131 sa\u011fl\u0131kl\u0131 ve e\u011flenceli \u015fekilde hat\u0131rlatacak, tak\u0131lar\u0131n\u0131z\u0131 ve aksesuarlar\u0131n\u0131z\u0131 rahat\u00e7a bulman\u0131z\u0131 sa\u011flayacak. Antiviral ve sakinle\u015ftirici lavanta kokusunu yo\u011funla\u015ft\u0131rmak i\u00e7in, kakt\u00fcs\u00fcn\u00fcz\u00fc s\u0131karak lavantalar\u0131 ezin.<br \/>\nn<br \/>\nnTaze kurutulmu\u015f lavanta dolgulu pamuk kakt\u00fcs ve masif ah\u015fap. Notlar\u0131n\u0131z\u0131 as\u0131n, tak\u0131lar\u0131n\u0131z\u0131 ve aksesuarlar\u0131n\u0131z\u0131 tak\u0131n! Antiviral ve sakinle\u015ftirici lavanta kokusunu yo\u011funla\u015ft\u0131rmak i\u00e7in,<br \/>\nn<br \/>\nnkakt\u00fcs\u00fcn\u00fcz\u00fc s\u0131karak lavantalar\u0131 ezin.<\/p>\n","protected":false},"featured_media":988,"comment_status":"closed","ping_status":"open","template":"","meta":{"_acf_changed":false},"product_brand":[],"product_cat":[38,40],"product_tag":[],"class_list":{"0":"post-1123","1":"product","2":"type-product","3":"status-publish","4":"has-post-thumbnail","6":"product_cat-not-tutucu","7":"product_cat-warmy-sarilma-yastigi","9":"first","10":"instock","11":"purchasable","12":"product-type-simple"},"acf":[],"jetpack_sharing_enabled":true,"_links":{"self":[{"href":"https:\/\/kayigo.com.tr\/index.php\/wp-json\/wp\/v2\/product\/1123","targetHints":{"allow":["GET"]}}],"collection":[{"href":"https:\/\/kayigo.com.tr\/index.php\/wp-json\/wp\/v2\/product"}],"about":[{"href":"https:\/\/kayigo.com.tr\/index.php\/wp-json\/wp\/v2\/types\/product"}],"replies":[{"embeddable":true,"href":"https:\/\/kayigo.com.tr\/index.php\/wp-json\/wp\/v2\/comments?post=1123"}],"wp:featuredmedia":[{"embeddable":true,"href":"https:\/\/kayigo.com.tr\/index.php\/wp-json\/wp\/v2\/media\/988"}],"wp:attachment":[{"href":"https:\/\/kayigo.com.tr\/index.php\/wp-json\/wp\/v2\/media?parent=1123"}],"wp:term":[{"taxonomy":"product_brand","embeddable":true,"href":"https:\/\/kayigo.com.tr\/index.php\/wp-json\/wp\/v2\/product_brand?post=1123"},{"taxonomy":"product_cat","embeddable":true,"href":"https:\/\/kayigo.com.tr\/index.php\/wp-json\/wp\/v2\/product_cat?post=1123"},{"taxonomy":"product_tag","embeddable":true,"href":"https:\/\/kayigo.com.tr\/index.php\/wp-json\/wp\/v2\/product_tag?post=1123"}],"curies":[{"name":"wp","href":"https:\/\/api.w.org\/{rel}","templated":true}]}}