{"id":1361,"date":"2024-11-30T13:23:06","date_gmt":"2024-11-30T13:23:06","guid":{"rendered":"https:\/\/kayigo.com.tr\/index.php\/product\/kayigo-lavanta-dolgulu-sari-ladin-notluk\/"},"modified":"2026-04-03T13:53:20","modified_gmt":"2026-04-03T13:53:20","slug":"kayigo-lavanta-dolgulu-sari-ladin-notluk","status":"publish","type":"product","link":"https:\/\/kayigo.com.tr\/index.php\/product\/kayigo-lavanta-dolgulu-sari-ladin-notluk\/","title":{"rendered":"Kayigo Lavanta Dolgulu Sar\u0131 Ladin Notluk"},"content":{"rendered":"<p>&nbsp;<\/p>\n<p>Kayigo Lavanta Dolgulu Sar\u0131 Ladin Notluk&#8230; Notlar\u0131n\u0131z\u0131 hat\u0131rlaman\u0131n en sa\u011fl\u0131kl\u0131 yolu. Antiviral ve sakinle\u015ftirici lavanta kokusunu yo\u011funla\u015ft\u0131rmak i&ccedil;in, a\u011fac\u0131n\u0131z\u0131 s\u0131karak lavantalar\u0131 ezin.<\/p>\n<p>&nbsp;<\/p>\n<p>&nbsp;<\/p>\n<p>Taze kurutulmu\u015f lavanta dolgulu pamuk kuma\u015f ve egzotik masif ah\u015fap.<br \/>\n3 adet raptiye dahildir.<\/p>\n<p>Dolgu : Yeni Sezon Lavanta Hasat\u0131<br \/>\nKuma\u015f: %100 Pamuk<br \/>\nTaban: Masif Ah\u015fap &#8211; Gri Lake Cila<\/p>\n<p>Boy: 20 cm<br \/>\nEn: 8 cm<br \/>\nY&uuml;kseklik: 6,5 cm<\/p>\n<p>205 g<\/p>\n<p>&nbsp;<\/p>\n","protected":false},"excerpt":{"rendered":"<p>Kayigo Lavanta Dolgulu Sar\u0131 Ladin Notluk&#8230; Notlar\u0131n\u0131z\u0131 hat\u0131rlaman\u0131n en sa\u011fl\u0131kl\u0131 yolu. Antiviral ve sakinle\u015ftirici lavanta kokusunu yo\u011funla\u015ft\u0131rmak i\u00e7in, a\u011fac\u0131n\u0131z\u0131 s\u0131karak lavantalar\u0131 ezin.<br \/>\nn<br \/>\nn&nbsp;<\/p>\n","protected":false},"featured_media":1362,"comment_status":"closed","ping_status":"open","template":"","meta":{"_acf_changed":false},"product_brand":[],"product_cat":[49],"product_tag":[],"class_list":{"0":"post-1361","1":"product","2":"type-product","3":"status-publish","4":"has-post-thumbnail","6":"product_cat-genel","8":"first","9":"instock","10":"sale","11":"purchasable","12":"product-type-simple"},"acf":[],"jetpack_sharing_enabled":true,"_links":{"self":[{"href":"https:\/\/kayigo.com.tr\/index.php\/wp-json\/wp\/v2\/product\/1361","targetHints":{"allow":["GET"]}}],"collection":[{"href":"https:\/\/kayigo.com.tr\/index.php\/wp-json\/wp\/v2\/product"}],"about":[{"href":"https:\/\/kayigo.com.tr\/index.php\/wp-json\/wp\/v2\/types\/product"}],"replies":[{"embeddable":true,"href":"https:\/\/kayigo.com.tr\/index.php\/wp-json\/wp\/v2\/comments?post=1361"}],"wp:featuredmedia":[{"embeddable":true,"href":"https:\/\/kayigo.com.tr\/index.php\/wp-json\/wp\/v2\/media\/1362"}],"wp:attachment":[{"href":"https:\/\/kayigo.com.tr\/index.php\/wp-json\/wp\/v2\/media?parent=1361"}],"wp:term":[{"taxonomy":"product_brand","embeddable":true,"href":"https:\/\/kayigo.com.tr\/index.php\/wp-json\/wp\/v2\/product_brand?post=1361"},{"taxonomy":"product_cat","embeddable":true,"href":"https:\/\/kayigo.com.tr\/index.php\/wp-json\/wp\/v2\/product_cat?post=1361"},{"taxonomy":"product_tag","embeddable":true,"href":"https:\/\/kayigo.com.tr\/index.php\/wp-json\/wp\/v2\/product_tag?post=1361"}],"curies":[{"name":"wp","href":"https:\/\/api.w.org\/{rel}","templated":true}]}}