{"id":1541,"date":"2024-11-30T14:04:14","date_gmt":"2024-11-30T14:04:14","guid":{"rendered":"https:\/\/kayigo.com.tr\/index.php\/product\/kayigo-cam-xl-station-lavanta-dolgulu-organizer-potikareli\/"},"modified":"2026-04-03T14:18:05","modified_gmt":"2024-11-30T15:26:50","slug":"kayigo-cam-xl-station-lavanta-dolgulu-organizer-potikareli","status":"publish","type":"product","link":"https:\/\/kayigo.com.tr\/index.php\/product\/kayigo-cam-xl-station-lavanta-dolgulu-organizer-potikareli\/","title":{"rendered":"Kayigo \u00c7am XL + Station Lavanta Dolgulu Organizer P\u00f6tikareli"},"content":{"rendered":"<p>&nbsp;<\/p>\n<p>n<br \/>\nn<\/p>\n<p>Masan\u0131z\u0131n &uuml;st&uuml;nde biriken e\u015fyalar\u0131 s&uuml;rekli aramaktan kurtaracak &ouml;zel tasar\u0131m ah\u015fap organizerler sizi da\u011f\u0131n\u0131kl\u0131k ve karma\u015fadan uzakla\u015ft\u0131rarak her \u015feyi rahat&ccedil;a bulman\u0131z\u0131 sa\u011flayacak.<\/p>\n<p>n<br \/>\nn<\/p>\n<p>&nbsp;<\/p>\n<p>n<br \/>\nn<\/p>\n<p>&nbsp;<\/p>\n<p>n<br \/>\nn<\/p>\n<p>Lavanta Dolgulu &ccedil;am a\u011fac\u0131n\u0131za&nbsp;notlar\u0131n\u0131z\u0131 sa\u011fl\u0131kl\u0131 ve e\u011flenceli \u015fekilde hat\u0131rlatacak, tak\u0131lar\u0131n\u0131z\u0131 ve aksesuarlar\u0131n\u0131z\u0131 rahat&ccedil;a bulman\u0131z\u0131 sa\u011flayacak. Antiviral ve sakinle\u015ftirici lavanta kokusunu yo\u011funla\u015ft\u0131rmak i&ccedil;in, &ccedil;am a\u011fac\u0131n\u0131z\u0131&nbsp;s\u0131karak lavantalar\u0131 ezin.<\/p>\n<p>n<br \/>\nn<\/p>\n<p>Taze kurutulmu\u015f lavanta dolgulu pamuk &ccedil;am a\u011fac\u0131<\/p>\n<p>n<br \/>\nn<\/p>\n<p>ve masif ah\u015fap. Notlar\u0131n\u0131z\u0131 as\u0131n, tak\u0131lar\u0131n\u0131z\u0131 ve aksesuarlar\u0131n\u0131z\u0131 tak\u0131n! Antiviral ve sakinle\u015ftirici lavanta kokusunu yo\u011funla\u015ft\u0131rmak i&ccedil;in, &ccedil;am a\u011fac\u0131n\u0131z\u0131 s\u0131karak lavantalar\u0131 ezin.<\/p>\n<p>n<br \/>\nn<\/p>\n<p>Dolgu :&nbsp; Yeni Sezon Lavanta<\/p>\n<p>n<br \/>\nn<\/p>\n<p>Kuma\u015f: %100 Pamuk<\/p>\n<p>n<br \/>\nn<\/p>\n<p>Taban: Masif Ah\u015fap<\/p>\n<p>n<br \/>\nn<\/p>\n<p>En: 9,5 Cm<\/p>\n<p>n<br \/>\nn<\/p>\n<p>Boy: 28 Cm<\/p>\n<p>n<br \/>\nn<\/p>\n<p>Y&uuml;kseklik: 28 Cm<\/p>\n<p>n<br \/>\nn<\/p>\n<p>&nbsp;<\/p>\n<p>n<\/p>\n","protected":false},"excerpt":{"rendered":"<p>&nbsp; n n Masan\u0131z\u0131n &uuml;st&uuml;nde biriken e\u015fyalar\u0131 s&uuml;rekli aramaktan kurtaracak &ouml;zel tasar\u0131m ah\u015fap organizerler sizi da\u011f\u0131n\u0131kl\u0131k ve karma\u015fadan uzakla\u015ft\u0131rarak her \u015feyi rahat&ccedil;a bulman\u0131z\u0131 sa\u011flayacak. n n &nbsp; n n &nbsp; n n Lavanta Dolgulu &ccedil;am a\u011fac\u0131n\u0131za&nbsp;notlar\u0131n\u0131z\u0131 sa\u011fl\u0131kl\u0131 ve e\u011flenceli \u015fekilde hat\u0131rlatacak, tak\u0131lar\u0131n\u0131z\u0131 ve aksesuarlar\u0131n\u0131z\u0131 rahat&ccedil;a bulman\u0131z\u0131 sa\u011flayacak. Antiviral ve sakinle\u015ftirici lavanta kokusunu yo\u011funla\u015ft\u0131rmak i&ccedil;in, &ccedil;am [&hellip;]<\/p>\n","protected":false},"featured_media":1542,"comment_status":"closed","ping_status":"open","template":"","meta":{"_acf_changed":false},"product_brand":[],"product_cat":[27],"product_tag":[],"class_list":{"0":"post-1541","1":"product","2":"type-product","3":"status-publish","4":"has-post-thumbnail","6":"product_cat-kayigo","8":"first","9":"instock","10":"purchasable","11":"product-type-simple"},"acf":[],"jetpack_sharing_enabled":true,"_links":{"self":[{"href":"https:\/\/kayigo.com.tr\/index.php\/wp-json\/wp\/v2\/product\/1541","targetHints":{"allow":["GET"]}}],"collection":[{"href":"https:\/\/kayigo.com.tr\/index.php\/wp-json\/wp\/v2\/product"}],"about":[{"href":"https:\/\/kayigo.com.tr\/index.php\/wp-json\/wp\/v2\/types\/product"}],"replies":[{"embeddable":true,"href":"https:\/\/kayigo.com.tr\/index.php\/wp-json\/wp\/v2\/comments?post=1541"}],"wp:featuredmedia":[{"embeddable":true,"href":"https:\/\/kayigo.com.tr\/index.php\/wp-json\/wp\/v2\/media\/1542"}],"wp:attachment":[{"href":"https:\/\/kayigo.com.tr\/index.php\/wp-json\/wp\/v2\/media?parent=1541"}],"wp:term":[{"taxonomy":"product_brand","embeddable":true,"href":"https:\/\/kayigo.com.tr\/index.php\/wp-json\/wp\/v2\/product_brand?post=1541"},{"taxonomy":"product_cat","embeddable":true,"href":"https:\/\/kayigo.com.tr\/index.php\/wp-json\/wp\/v2\/product_cat?post=1541"},{"taxonomy":"product_tag","embeddable":true,"href":"https:\/\/kayigo.com.tr\/index.php\/wp-json\/wp\/v2\/product_tag?post=1541"}],"curies":[{"name":"wp","href":"https:\/\/api.w.org\/{rel}","templated":true}]}}