{"id":2107,"date":"2024-11-30T17:58:46","date_gmt":"2024-11-30T17:58:46","guid":{"rendered":"https:\/\/kayigo.com.tr\/index.php\/product\/kayigo-tiny-paslanmaz-celik-yildiz-klips-altili-rose\/"},"modified":"2026-04-03T14:18:05","modified_gmt":"2024-11-30T18:00:12","slug":"kayigo-tiny-paslanmaz-celik-yildiz-klips-altili-rose","status":"publish","type":"product","link":"https:\/\/kayigo.com.tr\/index.php\/product\/kayigo-tiny-paslanmaz-celik-yildiz-klips-altili-rose\/","title":{"rendered":"Kayigo Tiny Paslanmaz \u00c7elik Y\u0131ld\u0131z  Klips Alt\u0131l\u0131 &#8211; Rose"},"content":{"rendered":"<p>Suya dayan\u0131kl\u0131, paslanmaz &ccedil;elik<\/p>\n<p>n<br \/>\nn<\/p>\n<p>y&uuml;ksek kaliteli yap\u0131ya sahiptir. A&ccedil;\u0131k havada e\u015fyalar\u0131n\u0131z\u0131 asmak i&ccedil;in, mutfakta a&ccedil;\u0131lan paketlerinizin hava almamas\u0131 i&ccedil;in ve de ofisinizde evraklar\u0131n\u0131z\u0131 toparlamak i&ccedil;in kullanabilirsiniz. Bir paket 6 adet i&ccedil;erir.<\/p>\n<p>n<br \/>\nn<\/p>\n<p>19 mm x 33 mm<\/p>\n<p>n<\/p>\n","protected":false},"excerpt":{"rendered":"<p>Suya dayan\u0131kl\u0131, paslanmaz &ccedil;elik<\/p>\n<p>n<br \/>\nn<\/p>\n<p>y&uuml;ksek kaliteli yap\u0131ya sahiptir. A&ccedil;\u0131k havada e\u015fyalar\u0131n\u0131z\u0131 asmak i&ccedil;in, mutfakta a&ccedil;\u0131lan paketlerinizin hava almamas\u0131 i&ccedil;in ve de ofisinizde evraklar\u0131n\u0131z\u0131 toparlamak i&ccedil;in kullanabilirsiniz. Bir paket 6 adet i&ccedil;erir.<\/p>\n<p>n<br \/>\nn<\/p>\n<p>19 mm x 33 mm<\/p>\n<p>n<\/p>\n","protected":false},"featured_media":2108,"comment_status":"closed","ping_status":"open","template":"","meta":{"_acf_changed":false},"product_brand":[],"product_cat":[27],"product_tag":[],"class_list":{"0":"post-2107","1":"product","2":"type-product","3":"status-publish","4":"has-post-thumbnail","6":"product_cat-kayigo","8":"first","9":"instock","10":"purchasable","11":"product-type-simple"},"acf":[],"jetpack_sharing_enabled":true,"_links":{"self":[{"href":"https:\/\/kayigo.com.tr\/index.php\/wp-json\/wp\/v2\/product\/2107","targetHints":{"allow":["GET"]}}],"collection":[{"href":"https:\/\/kayigo.com.tr\/index.php\/wp-json\/wp\/v2\/product"}],"about":[{"href":"https:\/\/kayigo.com.tr\/index.php\/wp-json\/wp\/v2\/types\/product"}],"replies":[{"embeddable":true,"href":"https:\/\/kayigo.com.tr\/index.php\/wp-json\/wp\/v2\/comments?post=2107"}],"wp:featuredmedia":[{"embeddable":true,"href":"https:\/\/kayigo.com.tr\/index.php\/wp-json\/wp\/v2\/media\/2108"}],"wp:attachment":[{"href":"https:\/\/kayigo.com.tr\/index.php\/wp-json\/wp\/v2\/media?parent=2107"}],"wp:term":[{"taxonomy":"product_brand","embeddable":true,"href":"https:\/\/kayigo.com.tr\/index.php\/wp-json\/wp\/v2\/product_brand?post=2107"},{"taxonomy":"product_cat","embeddable":true,"href":"https:\/\/kayigo.com.tr\/index.php\/wp-json\/wp\/v2\/product_cat?post=2107"},{"taxonomy":"product_tag","embeddable":true,"href":"https:\/\/kayigo.com.tr\/index.php\/wp-json\/wp\/v2\/product_tag?post=2107"}],"curies":[{"name":"wp","href":"https:\/\/api.w.org\/{rel}","templated":true}]}}