{"id":2913,"date":"2026-04-03T14:50:06","date_gmt":"2026-04-03T14:50:06","guid":{"rendered":"https:\/\/kayigo.com.tr\/index.php\/product\/kayigo-cactus-lavanta-dolgulu-notluk-8\/"},"modified":"2026-04-03T14:50:06","modified_gmt":"2026-04-03T14:50:06","slug":"kayigo-cactus-lavanta-dolgulu-notluk-8","status":"publish","type":"product","link":"https:\/\/kayigo.com.tr\/index.php\/product\/kayigo-cactus-lavanta-dolgulu-notluk-8\/","title":{"rendered":"Kayigo Cactus Lavanta Dolgulu  Notluk"},"content":{"rendered":"<p>&nbsp;<\/p>\n<p>Kay\u0131go Cactus Lavanta Dolgulu Notluk. Notlar\u0131n\u0131z\u0131 hat\u0131rlaman\u0131n en sa\u011fl\u0131kl\u0131 yolu. Antiviral ve sakinle\u015ftirici lavanta kokusunu yo\u011funla\u015ft\u0131rmak i&ccedil;in, kakt&uuml;s&uuml;n&uuml;z&uuml; s\u0131karak lavantalar\u0131 ezin.<\/p>\n<p>&nbsp;<\/p>\n<p>Taze kurutulmu\u015f lavanta dolgulu pamuk kakt&uuml;s ve lake boyal\u0131 masif ah\u015fap .<br \/>\n3 adet raptiye dahildir.<\/p>\n<p>Dolgu : Yeni Sezon&nbsp;Hasat\u0131 Lavanta<br \/>\nKuma\u015f: %100 Pamuk<br \/>\nTaban: Lake Boyal\u0131 Masif Ah\u015fap<\/p>\n<p>Boy : 13 Cm<br \/>\nEn: 6 Cm<br \/>\nY&uuml;kseklik: 18 Cm<\/p>\n<p>&nbsp;<\/p>\n","protected":false},"excerpt":{"rendered":"<p>&nbsp; Kay\u0131go Cactus Lavanta Dolgulu Notluk. Notlar\u0131n\u0131z\u0131 hat\u0131rlaman\u0131n en sa\u011fl\u0131kl\u0131 yolu. Antiviral ve sakinle\u015ftirici lavanta kokusunu yo\u011funla\u015ft\u0131rmak i&ccedil;in, kakt&uuml;s&uuml;n&uuml;z&uuml; s\u0131karak lavantalar\u0131 ezin. &nbsp; Taze kurutulmu\u015f lavanta dolgulu pamuk kakt&uuml;s ve lake boyal\u0131 masif ah\u015fap . 3 adet raptiye dahildir. Dolgu : Yeni Sezon&nbsp;Hasat\u0131 Lavanta Kuma\u015f: %100 Pamuk Taban: Lake Boyal\u0131 Masif Ah\u015fap Boy : 13 [&hellip;]<\/p>\n","protected":false},"featured_media":2909,"comment_status":"open","ping_status":"closed","template":"","meta":{"_acf_changed":false},"product_brand":[],"product_cat":[38],"product_tag":[],"class_list":{"0":"post-2913","1":"product","2":"type-product","3":"status-publish","4":"has-post-thumbnail","6":"product_cat-not-tutucu","8":"first","9":"instock","10":"taxable","11":"shipping-taxable","12":"purchasable","13":"product-type-simple"},"acf":[],"jetpack_sharing_enabled":true,"_links":{"self":[{"href":"https:\/\/kayigo.com.tr\/index.php\/wp-json\/wp\/v2\/product\/2913","targetHints":{"allow":["GET"]}}],"collection":[{"href":"https:\/\/kayigo.com.tr\/index.php\/wp-json\/wp\/v2\/product"}],"about":[{"href":"https:\/\/kayigo.com.tr\/index.php\/wp-json\/wp\/v2\/types\/product"}],"replies":[{"embeddable":true,"href":"https:\/\/kayigo.com.tr\/index.php\/wp-json\/wp\/v2\/comments?post=2913"}],"wp:featuredmedia":[{"embeddable":true,"href":"https:\/\/kayigo.com.tr\/index.php\/wp-json\/wp\/v2\/media\/2909"}],"wp:attachment":[{"href":"https:\/\/kayigo.com.tr\/index.php\/wp-json\/wp\/v2\/media?parent=2913"}],"wp:term":[{"taxonomy":"product_brand","embeddable":true,"href":"https:\/\/kayigo.com.tr\/index.php\/wp-json\/wp\/v2\/product_brand?post=2913"},{"taxonomy":"product_cat","embeddable":true,"href":"https:\/\/kayigo.com.tr\/index.php\/wp-json\/wp\/v2\/product_cat?post=2913"},{"taxonomy":"product_tag","embeddable":true,"href":"https:\/\/kayigo.com.tr\/index.php\/wp-json\/wp\/v2\/product_tag?post=2913"}],"curies":[{"name":"wp","href":"https:\/\/api.w.org\/{rel}","templated":true}]}}